2*v**g + 5*v - v**2 - y. What is p(-5)?
-4
Let o(l) = 3*l**2 + 3*l - 1. Suppose 28 = -4*p + 4*r, -2*p + r = -0*r + 10. Give o(p).
17
Suppose -2*k - 2*k = -36. Let n(u) = u**2 - 10*u + 13. Let s be n(k). Let y(r) = 2*r - r**3 + 9 + 3*r**2 - 2 - 2. What is y(s)?
-3
Let u(z) = 3*z**2 - z - 6. Let f(q) = q**2 - 1. Let i(l) = -4*f(l) + u(l). What is i(0)?
-2
Let h(d) = -8*d**3 - 4*d**2 - 5*d + 4. Let z be 3 + (-1 - 11) + 2. Let r(j) = 7*j**3 + 4*j**2 + 4*j - 4. Let l(i) = z*r(i) - 6*h(i). Give l(-3).
-11
Let p(q) = q**3 + 4*q**2 - 6*q - 2. Let a = -15 - -27. Let s be (-267)/6 + a/(-8). Let b be s/10 - (-4)/(-10). Give p(b).
3
Let a(s) = -7*s**3 - 13*s**2 + 5*s - 5. Let m(k) = -4*k**3 - 7*k**2 + 2*k - 3. Let f(p) = 3*a(p) - 5*m(p). Suppose 2*x + 7 = -0*x - 3*l, -3 = -3*l. Give f(x).
0
Let p(h) be the first derivative of h**4/4 - 7*h**3/3 + 9*h**2/2 - 9*h - 7. Calculate p(6).
9
Let t(v) be the second derivative of 2*v**3/3 - 7*v**2/2 + 13*v. Determine t(6).
17
Let q(k) = 9 - 18 + 11 + k. Give q(-7).
-5
Let m(z) = -z**2 - 6*z + 10. Let f be 2*(-21)/6*1. Let w be m(f). Let o(g) = -8*g + 5*g**2 - 2 + 4*g**w - 3*g**3 + 9*g. Determine o(-5).
-7
Let b(c) = -c**2 + 6*c - 6. Let r(v) = -2*v**2 + 12*v - 12. Let g(s) = -7*b(s) + 4*r(s). Calculate g(6).
-6
Let c be -1 + 1 + 4 + -2. Let m(p) = -2*p**3 + 3*p**2 - 4*p + 2. What is m(c)?
-10
Let v(n) be the second derivative of -n**5/20 + n**4/4 + n**3/6 + 2*n**2 - 3*n. Let k(d) = -3*d - 3. Let f be k(-2). What is v(f)?
7
Let u(z) = -2*z - 5. Let a(j) = j**2 - 5*j + 2. Let f be a(2). Give u(f).
3
Suppose -4*p - 7 = -3*u, 4 = u + 3*p - 7. Suppose -2 = -4*l + t + 4, u = l - 2*t. Let y(a) = -5*a**2 + a. Calculate y(l).
-4
Let f(h) = 2*h + 1. Let w = 50 - 48. Determine f(w).
5
Let r(y) be the second derivative of y**4/12 + y**3/6 - y**2/2 + y + 2. Let w(n) = 3*n**2 + n. Let p be w(-1). What is r(p)?
5
Let k(j) = -j + 3. Let m = -24 + 16. Let u be m/6*(-6)/4. Suppose -u*t = -1 + 7. Determine k(t).
6
Let w(l) = 4*l + 3. Let n = 23 + -25. Give w(n).
-5
Let r(x) = -x**2 - 5*x + 12. Let l be r(-6). Let m(t) = t. Let i(j) = -4*j - 8. Let b(k) = -i(k) - 6*m(k). Determine b(l).
-4
Let y be 2 + -2*(-6)/(-4). Let g(w) = -7*w + 1. What is g(y)?
8
Let j be 6/(-21) - (-340)/14. Suppose -i - 4*y = i - j, -5*y + 19 = -3*i. Let v(m) = 2*m**2 + m**3 - 3*m + 7 + 0*m - 4. Give v(i).
13
Let h(j) = 5*j**2 + 3*j - 2. Let m(g) = 3*g**2 + 2*g - 1. Let k(c) = -4*h(c) + 7*m(c). Suppose 0*s + 15 = -5*s. Give k(s).
4
Suppose -4*p = -9*p + 10. Let h(f) be the third derivative of 0 - 1/60*f**5 + 2/3*f**3 + 0*f + f**p + 0*f**4. Calculate h(-3).
-5
Let a = 3 + -1. Suppose -5*d - f + 4 = -d, 3*f + 16 = a*d. Let v(s) = s**3 - 3*s**2 + 2*s. Calculate v(d).
0
Let z(t) = t**3 + 5*t**2 + 4. Suppose 4*g - g = q - 49, -3*g = 2*q + 46. Let d = g + 11. Give z(d).
4
Suppose -31 = 3*i - 2*y + 7*y, 5*i + 2*y + 20 = 0. Let a be (i/3)/((-10)/30). Let o(r) = -r**2 - r - 2. What is o(a)?
-8
Let j(a) = -a**3 + 4*a**2 + 3*a - 3. Let i(n) = -n**3 + 5*n**2 + 5*n - 21. Let l be i(5). Determine j(l).
9
Let t(j) = 0*j**2 + 6*j**3 - 7*j**2 - 2*j**2 - 2*j. Let x(r) = -7*r**3 + 10*r**2 + r + 1. Let i(s) = 6*t(s) + 5*x(s). What is i(5)?
-5
Let h = -8 + 6. Let i be 4 + 6*(-1)/h. Suppose -2*c = -i*c. Let o(u) = u + 1. Determine o(c).
1
Let s(v) be the first derivative of -v**3/3 - 5*v**2/2 + 3*v - 11. Determine s(-4).
7
Let u(o) = -o + 4 - 6 + 2*o + 9. Let x be u(-6). Let m(s) be the second derivative of 9*s**5/20 + s**2/2 + s. Determine m(x).
10
Let r be 1 - 1 - (-30)/5. Let z(x) = x**3 - 6*x**2 - 2*x + 7. Give z(r).
-5
Let i = 4 - 6. Let n(p) = 3*p**2 + 7*p - 4. Let j(a) = 2*a**2 + 6*a - 3. Let q(o) = -6*j(o) + 5*n(o). Give q(i).
12
Let j(l) = 2 - l - 4 + 0*l. Let u be j(-1). Let x(r) be the second derivative of 3*r**5/20 - r**4/6 - r**3/6 - r. Calculate x(u).
-4
Let p(c) be the second derivative of -c**4/12 + 2*c**3/3 + 2*c**2 - c. Let h be (-6)/(-15) + 44/(-10). Let o = 0 - h. Give p(o).
4
Let g(v) = v. Suppose -5*j + 6 = 1. Let m be g(j). Let s(q) = -q**2 - 5*q**3 + 2*q**2 - m + q + 0*q**2. Give s(1).
-4
Let v(r) be the first derivative of -3*r**2/2 + r - 1. Let i = -1 - 0. Let s be 0 + 3/(i - 2). Give v(s).
4
Let l(w) = 4*w - 7. Suppose -9*t + 45 = 6*t. What is l(t)?
5
Let f = -3 + 5. Let y(t) be the first derivative of -t**4/2 + 4*t**3/3 - 3*t**2/2 + 5. Determine y(f).
-6
Let y(o) = -o**2 - 5*o - 1. Let j = -9 + 14. Let s(i) = -i. Let z be s(j). What is y(z)?
-1
Suppose 3*p - 10 = 17. Suppose -p*v - 20 = -4*v. Let u(z) = z**3 + 6*z**2 + 6*z + 2. Give u(v).
10
Let u(p) be the third derivative of -p**4/8 + p**3/2 + p**2. Let f = 3 - 0. Let v be f/2*8/6. What is u(v)?
-3
Let n(u) be the second derivative of u**3/3 + 3*u**2 + 16*u. Determine n(-4).
-2
Let a(d) = -d**2 - 10*d - 3. Let s(p) = 2*p**2 + 23*p + 7*p - 11*p + 6. Let o(r) = -7*a(r) - 4*s(r). Determine o(-6).
-3
Let y(j) = 4*j**2 + 4*j - 4. Let x(b) = -13*b**2 - 13*b + 12. Let d(h) = 2*x(h) + 7*y(h). What is d(-3)?
8
Let y(v) = v**2 + v - 1. Suppose 4 = -4*i - 4. Calculate y(i).
1
Let r(s) = -4*s. Let z be (-4 - 72/(-16))*1*2. Calculate r(z).
-4
Let u = 7 + -4. Let i(b) = 1 + 6 - 3 - u*b - 2*b**2. Determine i(-3).
-5
Let n(c) = 3 + 0 - 4 + c. Suppose 0*w + 8*w + 8 = 0. Let q be (-4 - w - -1) + 3. Determine n(q).
0
Let f = 0 - 10. Let c be (-6)/(-4)*f/(-3). Let d(g) = g - 5. Determine d(c).
0
Let j(q) = q**3 - q - 952 + 949 - 3*q**2 + 4*q. What is j(2)?
-1
Let b = 0 + 0. Let r(m) be the first derivative of m**2/2 + 2*m - 2. Let k be r(b). Let i(c) = -c + 2. Determine i(k).
0
Let x(d) = -2 - 5*d + 4 + 6*d**3 - 3*d**3 - 5*d**2 - 4*d**3. What is x(-4)?
6
Suppose -4*l + 26 = 5*q, -4*l = -q - 1 - 13. Suppose 3*n = 5*x + 35, -n - 2 + 23 = -l*x. Let y(i) = -2*i + 6. Give y(n).
-4
Suppose 17 - 3 = -2*z. Let y(p) = -p**3 - 8*p**2 - 6*p - 1. What is y(z)?
-8
Suppose 0 = -12*x + 14*x - 14. Let b(i) = -i + 7. Calculate b(x).
0
Suppose 4*y + 11 + 1 = 0. Let u(r) = -r**2 - r + 9. Let k(a) = -a**2 - 2*a + 8. Let x(t) = y*u(t) + 4*k(t). Determine x(-5).
5
Let c(v) = -v**2 + v - 2. Let a = -12 - -13. Let j = a - 1. Give c(j).
-2
Let f(h) be the first derivative of -h**3/3 + 5*h**2 + 7*h + 25. Determine f(11).
-4
Let j = 6 - 25. Let l = -19 - j. Let b(m) = m**3 + m**2 - 4. Determine b(l).
-4
Let t(b) = b**3 + b**2 - 14. Suppose 2*m - 3*u - 3 = m, 3*u = 3*m - 3. Give t(m).
-14
Let k(l) = 3 + 2 - 4 + 2*l. Let j be (0 - -3)/((-15)/10). Determine k(j).
-3
Let b(m) = 31*m - 3 - 30*m + 4. Give b(3).
4
Let s(p) = 5*p - 5*p - 15*p**3 + 6 + 14*p**3 + 6*p**2. Suppose -4*b + 3 + 21 = 0. Determine s(b).
6
Let h(t) = -3*t + 4. Let d(l) = -l**3 + 10*l**2 - l + 13. Let c be d(10). Calculate h(c).
-5
Let l(j) = 3*j + 0*j - j + 5. Give l(-5).
-5
Let x be (-6)/2 + -2 + 2. Let g be (x/(-4))/((-3)/(-12)). Let s = 7 - g. Let z(v) = v**2 - 6*v + 3. Calculate z(s).
-5
Let s(g) = -g**2 + 8*g - 6. Let o(m) = 5*m**2 + 2*m - 1. Let f be (0 + 2)*1/2. Let w be o(f). Suppose 0 = 2*a - 3*a + 2*n - 2, a - 3*n + w = 0. Determine s(a).
6
Let q(j) = -j**2 - j + 6. Let w be q(0). Let z(f) = f**3 - 2*f**2 + 4*f - 3. Let r be z(2). Let p(m) = 9 + r*m**2 - m**3 - 8*m + 4*m**2 - 2*m**2. Give p(w).
-3
Let j be 0/(1 + -4 - -2). Let q(l) = -l**3 + l - 6. What is q(j)?
-6
Let g(u) = -u. Suppose -2*t - 3*t + 10 = 0, -26 = 4*o - t. Determine g(o).
6
Suppose -48*d - 8 = -49*d. Let s(l) = -l + 10. Calculate s(d).
2
Suppose 0 = -2*n - 6 + 12. Let p(c) = -c**3 + 7*c**2 - 5*c + 3. Give p(n).
24
Let x(p) = -p**3 - 1. Let i be x(-1). Let o(b) be the second derivative of 0*b**2 + 0*b**3 + i*b**4 + b + 0 + 1/10*b**5. Give o(1).
2
Let j(a) = -a**3 + 6*a**2 + a - 3. Suppose 0 = 5*v + i + 3*i - 14, v + 4*i + 10 = 0. Give j(v).
3
Suppose -24 = 3*g + 30. Let j = 14 + g. Let s(x) = x**3 + 2*x**2 - 4*x + 4. Determine s(j).
-12
Let i(n) = -n**2 - n. Suppose t = -1 + 2. Let u(r) = -8*r**2 - r + 4. Let g(v) = t*u(v) - 6*i(v). Calculate g(4).
-8
Let z be 120/(-45) + (0 - -3). Let q(m) be the first derivative of -m + z*m**3 + m**2 - 2. Give q(1).
2
Let x(n) = -n**2 - 6*n - 6. Let o(d) = 6*d + 18. Let j be o(-4). Calculate x(j).
-6
Suppose -8 = -3*p - 3*h + 10, -2*p - 8 = -3*h. Let o be p/(-8) + (-85)/(-20). Suppose 0 = o*y - y - 3. Let q(b) = 4*b**3 + 2*b**2 - b. What is q(y)?
5
Let p = 6 - 1. Let 